
Is 257 a factor of 28445788?
True
Does 64 divide 112189711?
False
Does 3196 divide 1496450391?
False
Is 39 a factor of 52066209?
True
Does 7 divide 11108217?
False
Is 2 a factor of 460373672?
True
Does 21 divide 342965931?
True
Does 1300 divide 89309741?
False
Does 12 divide 4020546900?
True
Is 15 a factor of 7057320?
True
Is 599 a factor of 239355009?
True
Is 121523194 a multiple of 3643?
True
Is 26141286 a multiple of 437?
False
Is 2794215972 a multiple of 402?
True
Does 5 divide 208840601?
False
Is 62521746 a multiple of 21?
True
Is 68407115 a multiple of 29?
False
Is 19081225 a multiple of 19?
True
Does 1271 divide 273904313?
True
Is 200 a factor of 28550400?
True
Does 10 divide 468620100?
True
Does 2773 divide 1507739835?
False
Is 39869207 a multiple of 20?
False
Is 1427 a factor of 37191901?
True
Does 24 divide 2730024?
True
Does 22 divide 942687977?
False
Is 5 a factor of 1430620?
True
Is 24 a factor of 13966455?
False
Does 2903 divide 3154164657?
True
Does 99 divide 11054340?
True
Is 207950219 even?
False
Is 463423838 a multiple of 106?
True
Does 8 divide 570097655?
False
Is 170900 a multiple of 5?
True
Does 28 divide 3853528?
True
Does 7227 divide 1830455873?
False
Does 844 divide 332483672?
True
Does 3890 divide 90531970?
True
Is 14 a factor of 296762270?
True
Does 9 divide 40945581?
True
Is 692752272 a multiple of 3153?
False
Is 6975 a factor of 158911425?
True
Is 151360608 a multiple of 12?
True
Is 41509097 a multiple of 19?
False
Does 1688 divide 195743856?
True
Is 5165 a factor of 2186003610?
True
Is 25 a factor of 39543700?
True
Is 3 a factor of 1477650?
True
Does 117 divide 11209540?
False
Does 53 divide 12155762?
True
Is 466355218 a multiple of 4672?
False
Is 6399744 a multiple of 83?
False
Is 354780822 a multiple of 11?
True
Is 21151448 a multiple of 1466?
True
Is 190 a factor of 3816169?
False
Is 57254330 a multiple of 41?
False
Is 14709882 a multiple of 66?
True
Is 247704597 a multiple of 309?
True
Does 377 divide 410161931?
False
Does 22 divide 407431355?
False
Is 34072877 a multiple of 521?
False
Is 152419830 a multiple of 253?
False
Is 47 a factor of 63868068?
False
Is 47467377 a multiple of 9?
True
Is 20 a factor of 1992708979?
False
Is 25322532 a multiple of 548?
True
Is 48633859 a multiple of 961?
False
Is 6 a factor of 199487579?
False
Is 420324064 a multiple of 6?
False
Does 515 divide 23042285?
False
Does 10 divide 3688416?
False
Does 11 divide 736551068?
True
Is 6 a factor of 953447640?
True
Is 503 a factor of 241275190?
False
Is 244 a factor of 3020747572?
True
Does 1807 divide 1537539771?
False
Is 746464220 a multiple of 20?
True
Is 1565 a factor of 85016319?
False
Is 31 a factor of 4658326?
False
Is 21835107 a multiple of 21?
True
Is 513241957 a multiple of 260?
False
Is 157658605 a multiple of 65?
True
Is 13 a factor of 79656705?
False
Is 20231402 a multiple of 4?
False
Is 26 a factor of 56321070?
True
Does 8 divide 311981763?
False
Is 38336520 a multiple of 452?
False
Does 295 divide 10595390?
False
Is 113798352 a multiple of 107?
True
Does 90 divide 58836600?
True
Is 10 a factor of 56393998?
False
Is 713984805 a multiple of 7551?
True
Does 12 divide 939946242?
False
Is 29987417 even?
False
Does 2597 divide 171630479?
False
Is 42677568 a multiple of 96?
True
Is 587 a factor of 7161400?
True
Is 29 a factor of 502680037?
False
Is 767 a factor of 94344846?
False
Is 39 a factor of 45702306?
True
Does 324 divide 853340101?
False
Is 17149743 a multiple of 207?
True
Is 16544176 a multiple of 32?
False
Does 1483 divide 51813518?
False
Is 258 a factor of 35049558?
True
Is 273770872 a multiple of 77?
False
Is 929 a factor of 61326510?
False
Is 28 a factor of 99116052?
True
Is 21 a factor of 114099542?
False
Is 57 a factor of 502474209?
True
Is 1074897600 a multiple of 840?
True
Is 228 a factor of 42464343?
False
Is 9152472 a multiple of 1181?
False
Is 243763992 a multiple of 81?
True
Does 52 divide 241563890?
False
Is 505132380 a multiple of 45?
True
Is 27598485 a multiple of 185?
True
Is 295 a factor of 17989985?
True
Is 486 a factor of 113907708?
True
Does 174 divide 15918390?
True
Is 19944468 a multiple of 972?
True
Is 19 a factor of 56601?
True
Does 102 divide 455075027?
False
Does 10016 divide 3062031424?
True
Is 99 a factor of 336513548?
False
Is 957783986 a multiple of 1334?
True
Does 1092 divide 266715540?
True
Does 13 divide 55665194?
True
Is 12 a factor of 70566336?
True
Does 41 divide 2001829961?
True
Is 4903 a factor of 1584962727?
False
Is 11056432 a multiple of 3?
False
Is 6 a factor of 2088390928?
False
Does 35 divide 437587513?
False
Is 19685880 a multiple of 298?
True
Is 76 a factor of 5745006?
False
Is 492289892 a multiple of 48?
False
Is 89 a factor of 1534067266?
False
Is 457 a factor of 130761410?
True
Is 4824743 a multiple of 88?
False
Is 31 a factor of 9815096?
True
Does 21 divide 83666467?
False
Is 14 a factor of 3178101878?
True
Is 3 a factor of 29730249?
True
Does 382 divide 56353404?
True
Is 28 a factor of 741755447?
False
Is 1402316332 a multiple of 111?
False
Is 95681314 a multiple of 15?
False
Is 236 a factor of 16087105?
False
Is 997814133 a multiple of 9?
True
Does 3086 divide 1109194808?
True
Does 230 divide 64677380?
True
Is 16218548 a multiple of 269?
True
Does 7 divide 546589246?
True
Is 612869030 a multiple of 1217?
True
Does 208 divide 182248662?
False
Is 4091001470 a multiple of 39?
False
Is 1013285390 a multiple of 2770?
True
Does 2 divide 610582226?
True
Is 88098400 a multiple of 215?
True
Is 1473414 a multiple of 1961?
False
Does 11 divide 750966280?
False
Does 66 divide 153426572?
False
Is 60666027 a multiple of 69?
False
Is 31060700 a multiple of 85?
True
Is 163537926 a multiple of 4947?
True
Is 457 a factor of 189595133?
True
Does 6587 divide 584695055?
True
Is 14 a factor of 15009154?
False
Is 142714348 a multiple of 1246?
True
Does 3 divide 60575559?
True
Does 1682 divide 11852259?
False
Is 294949195 a multiple of 3784?
False
Is 162 a factor of 1139954899?
False
Does 4 divide 381592?
True
Does 39 divide 23935197?
True
Is 940 a factor of 42380060?
False
Is 23816728 a multiple of 442?
True
Does 779 divide 1589290872?
True
Is 185 a factor of 129004385?
True
Is 227884014 a multiple of 426?
True
Does 15 divide 25892564?
False
Is 7 a factor of 3526554?
False
Does 39 divide 39909948?
True
Does 2599 divide 44414311?
True
Does 14 divide 560601448?
False
Is 1787 a factor of 689087917?
False
Is 2 a factor of 10066579?
False
Does 703 divide 8836460?
False
Is 649467209 a multiple of 242?
False
Does 48 divide 63116476?
False
Is 36 a factor of 73417255?
False
Is 25 a factor of 557140006?
False
Is 17902080 a multiple of 666?
True
Is 463934274 a multiple of 6?
True
Is 120 a factor of 1235608?
False
Does 2598 divide 527150460?
False
Is 15461239 a multiple of 47?
False
Is 4818767 a multiple of 44?
False
Does 6 divide 18126666?
True
Is 15 a factor of 3599450881?
False
Does 3579 divide 48250761?
False
Does 6976 divide 693855989?
False
Does 6018 divide 717159042?
True
Does 1131 divide 2197581442?
False
Is 136440870 a multiple of 1541?
False
Does 323 divide 27951323?
False
Is 18112978 a multiple of 23?
False
Is 1318 a factor of 48892441?
False
Does 2390 divide 405002230?
True
Is 1162076305 a multiple of 214?
False
Is 19085962 a multiple of 14?
True
Is 50956489 a multiple of 84?
False
Is 2822467237 a multiple of 1151?
True
Is 7 a factor of 16056929?
True
Does 82 divide 27448188?
True
Does 953 divide 89710655?
True
Does 92 divide 476549328?
True
Is 81 a factor of 824233548?
False
Is 223696568 a multiple of 4815?
False
Is 1814 a factor of 599628584?
True
Is 299 a factor of 20843290?
True
Does 186 divide 56916186?
True
Is 151 a factor of 219667321?
False
Is 288 a factor of 19782504?
False
Is 941 a factor of 13378484?
False
Is 392584062 a multiple of 1209?
True
Does 714 divide 1460586960?
True
Does 181 divide 877012850?
False
Does 636 divide 82129224?
True
Does 64 divide 18335810?
False
Is 1347 a factor of 10622442?
True
Does 217 divide 748052790?
False
Is 9050734 a multiple of 14?
True
Is 28 a factor of 2820629?
False
Is 105 a factor of 277608870?
True
Is 60 a factor of 6898594560?
True
Is 14620236 a multiple of 61?
True
Is 6663723 a multiple of 113?
True
Is 188 a factor of 34874376?
True
Is 2